{"id":326,"date":"2025-10-28T09:05:51","date_gmt":"2025-10-28T08:05:51","guid":{"rendered":"https:\/\/awapracownia.pl\/?page_id=326"},"modified":"2025-10-28T09:10:27","modified_gmt":"2025-10-28T08:10:27","slug":"wspolpraca","status":"publish","type":"page","link":"https:\/\/awapracownia.pl\/?page_id=326","title":{"rendered":"wsp\u00f3\u0142praca"},"content":{"rendered":"\n<p class=\"has-text-align-center\"><strong>Jak wygl\u0105da proces wsp\u00f3\u0142pracy w 5 krokach?<\/strong><\/p>\n\n\n\n<p><strong>1.  Rozmowa i kierunek. <\/strong>Poznaj\u0119 projekt i jego kontekst. Wst\u0119pnie definiujemy klimat, emocje i przeznaczenie materia\u0142\u00f3w wizualnych (konkurs, marketing, prezentacja inwestora). Ustalamy warunki i zakres wsp\u00f3\u0142pracy. <\/p>\n\n\n\n<p><strong>2. Koncepcja i moodboard<\/strong>. Po przekazaniu materia\u0142\u00f3w (rysunk\u00f3w, modeli), tworz\u0119 seri\u0119 propozycji koncepcyjnych \u2013 identyfikacji wizualnej, stylu narracji, atmosfery. Konsultujemy, modyfikujemy i okre\u015blamy w\u0142a\u015bciw\u0105 drog\u0119.<\/p>\n\n\n\n<p><strong>3. Wersja robocza.<\/strong> Na bazie wybranego kierunku powstaje sp\u00f3jna identyfikacja, bazowy model 3D oraz kompozycja uj\u0119\u0107 wizualizacji \u2013 tak, by jak najlepiej odda\u0107 charakter projektu i pokaza\u0107 pe\u0142en potencja\u0142 inwestycji.<\/p>\n\n\n\n<p><strong>4. Render i postprodukcja<\/strong>. Powstaj\u0105 finalne materia\u0142y \u2013 po\u0142\u0105czenie klasycznych wizualizacji, grafiki i autorskiej postprodukcji. Tu liczy si\u0119 detal, kolor, \u015bwiat\u0142o i emocja. Dopracowuj\u0119 ton i klimat zgodnie z identyfikacj\u0105 projektu lub marki. Wprowadzamy ewentualne korekty.<\/p>\n\n\n\n<p><strong>5. Dostarczenie materia\u0142\u00f3w i dalsza wsp\u00f3\u0142praca.<\/strong> Przekazuj\u0119 pliki gotowe do prezentacji, sprzeda\u017cy lub publikacji. Na \u017cyczenie pomagam przygotowa\u0107 dodatkowe materia\u0142y promocyjne lub omawiamy kolejny projekt.<\/p>\n","protected":false},"excerpt":{"rendered":"<p>Jak wygl\u0105da proces wsp\u00f3\u0142pracy w 5 krokach? 1. Rozmowa i kierunek. Poznaj\u0119 projekt i jego kontekst. Wst\u0119pnie definiujemy klimat, emocje i przeznaczenie materia\u0142\u00f3w wizualnych (konkurs, marketing, prezentacja inwestora). Ustalamy warunki i zakres wsp\u00f3\u0142pracy. 2. Koncepcja i moodboard. Po przekazaniu materia\u0142\u00f3w (rysunk\u00f3w, modeli), tworz\u0119 seri\u0119 propozycji koncepcyjnych \u2013 identyfikacji wizualnej, stylu narracji, atmosfery. Konsultujemy, modyfikujemy i [&hellip;]<\/p>\n","protected":false},"author":1,"featured_media":0,"parent":0,"menu_order":0,"comment_status":"closed","ping_status":"closed","template":"","meta":{"footnotes":""},"class_list":["post-326","page","type-page","status-publish","hentry"],"_links":{"self":[{"href":"https:\/\/awapracownia.pl\/index.php?rest_route=\/wp\/v2\/pages\/326","targetHints":{"allow":["GET"]}}],"collection":[{"href":"https:\/\/awapracownia.pl\/index.php?rest_route=\/wp\/v2\/pages"}],"about":[{"href":"https:\/\/awapracownia.pl\/index.php?rest_route=\/wp\/v2\/types\/page"}],"author":[{"embeddable":true,"href":"https:\/\/awapracownia.pl\/index.php?rest_route=\/wp\/v2\/users\/1"}],"replies":[{"embeddable":true,"href":"https:\/\/awapracownia.pl\/index.php?rest_route=%2Fwp%2Fv2%2Fcomments&post=326"}],"version-history":[{"count":2,"href":"https:\/\/awapracownia.pl\/index.php?rest_route=\/wp\/v2\/pages\/326\/revisions"}],"predecessor-version":[{"id":330,"href":"https:\/\/awapracownia.pl\/index.php?rest_route=\/wp\/v2\/pages\/326\/revisions\/330"}],"wp:attachment":[{"href":"https:\/\/awapracownia.pl\/index.php?rest_route=%2Fwp%2Fv2%2Fmedia&parent=326"}],"curies":[{"name":"wp","href":"https:\/\/api.w.org\/{rel}","templated":true}]}}