{"id":322,"date":"2025-10-28T08:59:05","date_gmt":"2025-10-28T07:59:05","guid":{"rendered":"https:\/\/awapracownia.pl\/?page_id=322"},"modified":"2025-10-28T09:03:41","modified_gmt":"2025-10-28T08:03:41","slug":"top-korzysci","status":"publish","type":"page","link":"https:\/\/awapracownia.pl\/?page_id=322","title":{"rendered":"Dlaczego warto?"},"content":{"rendered":"\n<div class=\"wp-block-columns is-layout-flex wp-container-core-columns-is-layout-28f84493 wp-block-columns-is-layout-flex\">\n<div class=\"wp-block-column is-layout-flow wp-block-column-is-layout-flow\">\n<p><strong>Precyzyjna prezentacja<\/strong>   wierne odwzorowanie proporcji i tekstur w kontek\u015bcie otoczenia.<\/p>\n<\/div>\n\n\n\n<div class=\"wp-block-column is-layout-flow wp-block-column-is-layout-flow\">\n<p><strong>Mo\u017cliwo\u015b\u0107 pokazania wariant\u00f3w &#8211; <\/strong>rozwi\u0105zania projektowe i materia\u0142owe o ka\u017cdej porze dnia i roku.<\/p>\n<\/div>\n\n\n\n<div class=\"wp-block-column is-layout-flow wp-block-column-is-layout-flow\">\n<p><strong>Lepsza komunikacja z klientem <\/strong>&#8211; projekt staje si\u0119 zrozumia\u0142y i namacalny ju\u017c na etapie koncepcji.<\/p>\n<\/div>\n<\/div>\n\n\n\n<div class=\"wp-block-columns is-layout-flex wp-container-core-columns-is-layout-28f84493 wp-block-columns-is-layout-flex\">\n<div class=\"wp-block-column is-layout-flow wp-block-column-is-layout-flow\">\n<p><strong>Wi\u0119ksze zainteresowanie ofert\u0105 <\/strong>atrakcyjne grafiki przyci\u0105gaj\u0105 uwag\u0119 i budz\u0105 pozytywne emocje.<\/p>\n<\/div>\n\n\n\n<div class=\"wp-block-column is-layout-flow wp-block-column-is-layout-flow\">\n<p><strong>Wy\u017csza warto\u015b\u0107 w oczach klienta<\/strong> &#8211; lepszy odbi\u00f3r estetyczny podnosi realn\u0105 warto\u015b\u0107 inwestycji.<\/p>\n<\/div>\n\n\n\n<div class=\"wp-block-column is-layout-flow wp-block-column-is-layout-flow\">\n<p><strong>Szybsze podejmowanie decyzji \u2013 <\/strong>obrazy m\u00f3wi\u0105 wi\u0119cej ni\u017c liczby, rysunki,  opisy techniczne.<\/p>\n<\/div>\n<\/div>\n\n\n\n<div class=\"wp-block-columns is-layout-flex wp-container-core-columns-is-layout-28f84493 wp-block-columns-is-layout-flex\">\n<div class=\"wp-block-column is-layout-flow wp-block-column-is-layout-flow\">\n<p><strong>Skuteczno\u015b\u0107 sprzeda\u017cy<\/strong> klimatyczne wizualizacje sprzedaj\u0105 co\u015b wi\u0119cej ni\u017c metr kwadratowy.<\/p>\n<\/div>\n\n\n\n<div class=\"wp-block-column is-layout-flow wp-block-column-is-layout-flow\">\n<p><strong>Wsparcie marketingu i promocji &#8211; <\/strong>przygotowane materia\u0142y nadaj\u0105 si\u0119 do reklam i social medi\u00f3w.<\/p>\n<\/div>\n\n\n\n<div class=\"wp-block-column is-layout-flow wp-block-column-is-layout-flow\">\n<p><strong>Profesjonalny wizerunek <\/strong>estetyczne wizualizacje podkre\u015blaj\u0105 jako\u015b\u0107 i zaufanie.<\/p>\n<\/div>\n<\/div>\n\n\n\n<p class=\"has-text-align-center\"><strong>Oszcz\u0119dno\u015b\u0107 czasu i pieni\u0119dzy przy maksymalnym zadowoleniu klienta.<\/strong><\/p>\n","protected":false},"excerpt":{"rendered":"<p>Precyzyjna prezentacja wierne odwzorowanie proporcji i tekstur w kontek\u015bcie otoczenia. Mo\u017cliwo\u015b\u0107 pokazania wariant\u00f3w &#8211; rozwi\u0105zania projektowe i materia\u0142owe o ka\u017cdej porze dnia i roku. Lepsza komunikacja z klientem &#8211; projekt staje si\u0119 zrozumia\u0142y i namacalny ju\u017c na etapie koncepcji. Wi\u0119ksze zainteresowanie ofert\u0105 atrakcyjne grafiki przyci\u0105gaj\u0105 uwag\u0119 i budz\u0105 pozytywne emocje. Wy\u017csza warto\u015b\u0107 w oczach klienta [&hellip;]<\/p>\n","protected":false},"author":1,"featured_media":0,"parent":0,"menu_order":0,"comment_status":"closed","ping_status":"closed","template":"","meta":{"footnotes":""},"class_list":["post-322","page","type-page","status-publish","hentry"],"_links":{"self":[{"href":"https:\/\/awapracownia.pl\/index.php?rest_route=\/wp\/v2\/pages\/322","targetHints":{"allow":["GET"]}}],"collection":[{"href":"https:\/\/awapracownia.pl\/index.php?rest_route=\/wp\/v2\/pages"}],"about":[{"href":"https:\/\/awapracownia.pl\/index.php?rest_route=\/wp\/v2\/types\/page"}],"author":[{"embeddable":true,"href":"https:\/\/awapracownia.pl\/index.php?rest_route=\/wp\/v2\/users\/1"}],"replies":[{"embeddable":true,"href":"https:\/\/awapracownia.pl\/index.php?rest_route=%2Fwp%2Fv2%2Fcomments&post=322"}],"version-history":[{"count":2,"href":"https:\/\/awapracownia.pl\/index.php?rest_route=\/wp\/v2\/pages\/322\/revisions"}],"predecessor-version":[{"id":325,"href":"https:\/\/awapracownia.pl\/index.php?rest_route=\/wp\/v2\/pages\/322\/revisions\/325"}],"wp:attachment":[{"href":"https:\/\/awapracownia.pl\/index.php?rest_route=%2Fwp%2Fv2%2Fmedia&parent=322"}],"curies":[{"name":"wp","href":"https:\/\/api.w.org\/{rel}","templated":true}]}}