{"id":146,"date":"2025-10-07T09:21:06","date_gmt":"2025-10-07T07:21:06","guid":{"rendered":"https:\/\/awapracownia.pl\/?page_id=146"},"modified":"2025-10-29T09:56:13","modified_gmt":"2025-10-29T08:56:13","slug":"marketing-inwestycji","status":"publish","type":"page","link":"https:\/\/awapracownia.pl\/?page_id=146","title":{"rendered":"wizualizacje+"},"content":{"rendered":"\n<p><strong>Wizualne opowie\u015bci o architekturze &#8211; zobacz i poczuj przestrze\u0144.<\/strong><\/p>\n\n\n\n<p>\u0141\u0105cz\u0119 sztuk\u0119 wizualizacji, do\u015bwiadczenie projektowe i my\u015blenie architektoniczne, by <strong>pokaza\u0107 ide\u0119 inwestycji<\/strong>. Tworz\u0119 <strong>sp\u00f3jny wizerunek<\/strong> i <strong>atrakcyjn\u0105 narracj\u0119<\/strong> <strong>projektow\u0105<\/strong> ju\u017c na etapie koncepcji &#8211; a\u017c po realizacj\u0119. <\/p>\n\n\n\n<figure class=\"wp-block-image size-full\"><img loading=\"lazy\" decoding=\"async\" width=\"851\" height=\"315\" src=\"https:\/\/awapracownia.pl\/wp-content\/uploads\/2025\/10\/fb-w-tle-2-3.png\" alt=\"\" class=\"wp-image-312\" srcset=\"https:\/\/awapracownia.pl\/wp-content\/uploads\/2025\/10\/fb-w-tle-2-3.png 851w, https:\/\/awapracownia.pl\/wp-content\/uploads\/2025\/10\/fb-w-tle-2-3-300x111.png 300w, https:\/\/awapracownia.pl\/wp-content\/uploads\/2025\/10\/fb-w-tle-2-3-768x284.png 768w\" sizes=\"auto, (max-width: 851px) 100vw, 851px\" \/><\/figure>\n\n\n\n<p>Wspieram biura projektowe, deweloper\u00f3w i marki, kt\u00f3re szukaj\u0105 <strong>czego\u015b wi\u0119cej ni\u017c realistycznego obrazka<\/strong> \u2013 chc\u0105 stworzy\u0107 atrakcyjn\u0105 <strong>wizj\u0119 <\/strong>inwestycji, pokaza\u0107 <strong>charakter<\/strong> i wzbudzi\u0107 <strong>emocje <\/strong>zwi\u0105zane z projektowan\u0105 przestrzeni\u0105.<\/p>\n\n\n\n<hr class=\"wp-block-separator has-alpha-channel-opacity is-style-wide\"\/>\n\n\n\n<p>Oferuj\u0119 szeroki zakres us\u0142ug dopasowany indywidualnie do potrzeb inwestycji.<\/p>\n\n\n\n<p>___<strong>identyfikacja wizualna<\/strong>, czyli kompleksowe stworzenie sp\u00f3jnej i atrakcyjnej to\u017csamo\u015bci marki inwestycji, obejmuj\u0105cej logo, kolory, typografi\u0119 i inne elementy graficzne, kt\u00f3re wsp\u00f3lnie buduj\u0105 profesjonalny wizerunek projektu &#8211; niezale\u017cnie od etapu jego realizacji.<\/p>\n\n\n\n<p>___<strong>wizualizacje architektoniczne <\/strong>&#8211; obrazy i animacje przedstawiaj\u0105ce budynki wraz z otoczeniem lub ich wn\u0119trza, z zastosowaniem kolorystyki i materia\u0142\u00f3w, w r\u00f3\u017cnych warunkach \u015bwietlnych. Dzi\u0119ki zaawansowanym technikom <strong>pozwalaj\u0105 w pe\u0142ni zrozumie\u0107 ide\u0119 projektu, jego skal\u0119, proporcje i atmosfer\u0119.<\/strong><\/p>\n\n\n\n<div class=\"wp-block-columns is-layout-flex wp-container-core-columns-is-layout-28f84493 wp-block-columns-is-layout-flex\">\n<div class=\"wp-block-column is-layout-flow wp-block-column-is-layout-flow\">\n<figure class=\"wp-block-image size-large\"><img loading=\"lazy\" decoding=\"async\" width=\"1024\" height=\"720\" src=\"https:\/\/awapracownia.pl\/wp-content\/uploads\/2025\/10\/Scene-21_upscale01-5-1024x720.png\" alt=\"\" class=\"wp-image-225\" srcset=\"https:\/\/awapracownia.pl\/wp-content\/uploads\/2025\/10\/Scene-21_upscale01-5-1024x720.png 1024w, https:\/\/awapracownia.pl\/wp-content\/uploads\/2025\/10\/Scene-21_upscale01-5-300x211.png 300w, https:\/\/awapracownia.pl\/wp-content\/uploads\/2025\/10\/Scene-21_upscale01-5-768x540.png 768w, https:\/\/awapracownia.pl\/wp-content\/uploads\/2025\/10\/Scene-21_upscale01-5-1536x1081.png 1536w, https:\/\/awapracownia.pl\/wp-content\/uploads\/2025\/10\/Scene-21_upscale01-5-2048x1441.png 2048w\" sizes=\"auto, (max-width: 1024px) 100vw, 1024px\" \/><\/figure>\n<\/div>\n\n\n\n<div class=\"wp-block-column is-layout-flow wp-block-column-is-layout-flow\">\n<figure class=\"wp-block-image size-full\"><img loading=\"lazy\" decoding=\"async\" width=\"512\" height=\"360\" src=\"https:\/\/awapracownia.pl\/wp-content\/uploads\/2025\/10\/Scene-65_effect-1.png\" alt=\"\" class=\"wp-image-339\" srcset=\"https:\/\/awapracownia.pl\/wp-content\/uploads\/2025\/10\/Scene-65_effect-1.png 512w, https:\/\/awapracownia.pl\/wp-content\/uploads\/2025\/10\/Scene-65_effect-1-300x211.png 300w\" sizes=\"auto, (max-width: 512px) 100vw, 512px\" \/><\/figure>\n<\/div>\n<\/div>\n\n\n\n<div class=\"wp-block-columns is-layout-flex wp-container-core-columns-is-layout-28f84493 wp-block-columns-is-layout-flex\">\n<div class=\"wp-block-column is-layout-flow wp-block-column-is-layout-flow\">\n<p><strong>wizualizacje zewn\u0119trzne<\/strong>, czyli prezentacja budynku w kontek\u015bcie otoczenia o ka\u017cdej porze dnia i roku <\/p>\n\n\n\n<figure class=\"wp-block-image size-large\"><img loading=\"lazy\" decoding=\"async\" width=\"1024\" height=\"720\" src=\"https:\/\/awapracownia.pl\/wp-content\/uploads\/2025\/10\/Scene-21_style_transfer04-1024x720.png\" alt=\"\" class=\"wp-image-190\" srcset=\"https:\/\/awapracownia.pl\/wp-content\/uploads\/2025\/10\/Scene-21_style_transfer04-1024x720.png 1024w, https:\/\/awapracownia.pl\/wp-content\/uploads\/2025\/10\/Scene-21_style_transfer04-300x211.png 300w, https:\/\/awapracownia.pl\/wp-content\/uploads\/2025\/10\/Scene-21_style_transfer04-768x540.png 768w, https:\/\/awapracownia.pl\/wp-content\/uploads\/2025\/10\/Scene-21_style_transfer04-1536x1081.png 1536w, https:\/\/awapracownia.pl\/wp-content\/uploads\/2025\/10\/Scene-21_style_transfer04-2048x1441.png 2048w\" sizes=\"auto, (max-width: 1024px) 100vw, 1024px\" \/><\/figure>\n<\/div>\n\n\n\n<div class=\"wp-block-column is-layout-flow wp-block-column-is-layout-flow\">\n<p><strong>wizualizacje wn\u0119trz<\/strong>, czyli realistyczne uj\u0119cia, pokazuj\u0105ce aran\u017cacj\u0119 i charakter pomieszczenia<\/p>\n\n\n\n<figure class=\"wp-block-image size-large\"><img loading=\"lazy\" decoding=\"async\" width=\"696\" height=\"464\" src=\"https:\/\/awapracownia.pl\/wp-content\/uploads\/2025\/10\/model-edited-2.jpg\" alt=\"\" class=\"wp-image-331\" srcset=\"https:\/\/awapracownia.pl\/wp-content\/uploads\/2025\/10\/model-edited-2.jpg 696w, https:\/\/awapracownia.pl\/wp-content\/uploads\/2025\/10\/model-edited-2-300x200.jpg 300w\" sizes=\"auto, (max-width: 696px) 100vw, 696px\" \/><\/figure>\n<\/div>\n\n\n\n<div class=\"wp-block-column is-layout-flow wp-block-column-is-layout-flow\">\n<p><strong>koncepcyjne<\/strong>, czyli uproszczone modele, kt\u00f3re pomagaj\u0105 w szybkim testowaniu pomys\u0142\u00f3w i kompozycji.<\/p>\n\n\n\n<figure class=\"wp-block-image size-large\"><img loading=\"lazy\" decoding=\"async\" width=\"1024\" height=\"367\" src=\"https:\/\/awapracownia.pl\/wp-content\/uploads\/2025\/10\/1-1024x367.png\" alt=\"\" class=\"wp-image-203\" srcset=\"https:\/\/awapracownia.pl\/wp-content\/uploads\/2025\/10\/1-1024x367.png 1024w, https:\/\/awapracownia.pl\/wp-content\/uploads\/2025\/10\/1-300x108.png 300w, https:\/\/awapracownia.pl\/wp-content\/uploads\/2025\/10\/1-768x275.png 768w, https:\/\/awapracownia.pl\/wp-content\/uploads\/2025\/10\/1.png 1200w\" sizes=\"auto, (max-width: 1024px) 100vw, 1024px\" \/><\/figure>\n\n\n\n<figure class=\"wp-block-image size-large\"><img loading=\"lazy\" decoding=\"async\" width=\"1024\" height=\"367\" src=\"https:\/\/awapracownia.pl\/wp-content\/uploads\/2025\/10\/2-3-1024x367.png\" alt=\"\" class=\"wp-image-204\" srcset=\"https:\/\/awapracownia.pl\/wp-content\/uploads\/2025\/10\/2-3-1024x367.png 1024w, https:\/\/awapracownia.pl\/wp-content\/uploads\/2025\/10\/2-3-300x108.png 300w, https:\/\/awapracownia.pl\/wp-content\/uploads\/2025\/10\/2-3-768x275.png 768w, https:\/\/awapracownia.pl\/wp-content\/uploads\/2025\/10\/2-3.png 1200w\" sizes=\"auto, (max-width: 1024px) 100vw, 1024px\" \/><\/figure>\n<\/div>\n<\/div>\n\n\n\n<p>___<strong>animacje 3D i spacery wirtualne<\/strong> \u2013 wideo umo\u017cliwiaj\u0105ce prezentacj\u0119 w ruchu.<\/p>\n\n\n\n<div class=\"wp-block-columns is-layout-flex wp-container-core-columns-is-layout-28f84493 wp-block-columns-is-layout-flex\">\n<div class=\"wp-block-column is-layout-flow wp-block-column-is-layout-flow\">\n<figure class=\"wp-block-video\"><video height=\"720\" style=\"aspect-ratio: 1280 \/ 720;\" width=\"1280\" controls src=\"https:\/\/awapracownia.pl\/wp-content\/uploads\/2025\/10\/Clip-2.mp4\"><\/video><\/figure>\n<\/div>\n\n\n\n<div class=\"wp-block-column is-layout-flow wp-block-column-is-layout-flow\">\n<figure class=\"wp-block-video\"><video height=\"1440\" style=\"aspect-ratio: 2560 \/ 1440;\" width=\"2560\" controls src=\"https:\/\/awapracownia.pl\/wp-content\/uploads\/2025\/10\/1027-1.mp4\"><\/video><\/figure>\n<\/div>\n<\/div>\n\n\n\n<p>___<strong>materia\u0142y graficzne<\/strong> &#8211; karty lokali, ulotki, banery, broszury, katalogi.<\/p>\n\n\n\n<hr class=\"wp-block-separator has-alpha-channel-opacity is-style-wide\"\/>\n\n\n\n<p class=\"has-text-align-center\"><strong>Dla kogo oferta?<\/strong><\/p>\n\n\n\n<p>Dla <strong>projektant\u00f3w, inwestor\u00f3w, deweloper\u00f3w, <\/strong>dla kt\u00f3rych <strong>architektura to nie tylko cztery \u015bciany.<\/strong> Dla tych, kt\u00f3rzy chc\u0105 pokaza\u0107 <strong>charakter przestrzeni i pe\u0142n\u0105 warto\u015b\u0107 inwestycji.<\/strong> Profesjonalne materia\u0142y wizualne wykorzystywane s\u0105 m.in. w:<\/p>\n\n\n\n<ul class=\"wp-block-list\">\n<li>prezentacjach inwestycji dla klient\u00f3w i funduszy,<\/li>\n\n\n\n<li>materia\u0142ach marketingowych i stronach internetowych deweloper\u00f3w,<\/li>\n\n\n\n<li>konkursach architektonicznych,<\/li>\n\n\n\n<li>dokumentacjach projektowych i przetargach,<\/li>\n\n\n\n<li>kampaniach reklamowych i mediach spo\u0142eczno\u015bciowych.<\/li>\n<\/ul>\n\n\n\n<div class=\"wp-block-buttons is-content-justification-center is-layout-flex wp-container-core-buttons-is-layout-a89b3969 wp-block-buttons-is-layout-flex\">\n<div class=\"wp-block-button is-style-outline is-style-outline--1\"><a class=\"wp-block-button__link wp-element-button\" href=\"https:\/\/awapracownia.pl\/?page_id=322\"><strong>dlaczego warto?<\/strong><\/a><\/div>\n\n\n\n<div class=\"wp-block-button is-style-outline is-style-outline--2\"><a class=\"wp-block-button__link wp-element-button\" href=\"https:\/\/awapracownia.pl\/?page_id=326\"><strong>wsp\u00f3\u0142praca w 5 krokach<\/strong><\/a><\/div>\n\n\n\n<div class=\"wp-block-button is-style-outline is-style-outline--3\"><a class=\"wp-block-button__link wp-element-button\" href=\"https:\/\/awapracownia.pl\/?page_id=267\"><strong>um\u00f3w si\u0119<\/strong><\/a><\/div>\n<\/div>\n\n\n\n<p class=\"has-text-align-center\"><strong>Masz inwestycj\u0119, kt\u00f3r\u0105 chcesz zaprezentowa\u0107?<\/strong><\/p>\n\n\n\n<p class=\"has-text-align-left\"><strong>Ka\u017cdy projekt to inna historia. <\/strong>Prze\u015blij szkic, rysunek, opis lub inspiracj\u0119, a przygotuj\u0119 indywidualn\u0105 ofert\u0119 lub um\u00f3w si\u0119 na niezobowi\u0105zuj\u0105c\u0105 rozmow\u0119.<\/p>\n\n\n\n<p><em>Z przyjemno\u015bci\u0105 przygotuj\u0119 materia\u0142y, kt\u00f3re zachwyc\u0105 Twoich klient\u00f3w.<\/em><\/p>\n\n\n\n<ul class=\"wp-block-social-links is-layout-flex wp-block-social-links-is-layout-flex\"><li class=\"wp-social-link wp-social-link-mail  wp-block-social-link\"><a href=\"mailto:aw&#121;&#115;zynsk&#097;&#064;awap&#114;&#097;co&#119;ni&#097;&#046;pl\" class=\"wp-block-social-link-anchor\"><svg width=\"24\" height=\"24\" viewBox=\"0 0 24 24\" version=\"1.1\" xmlns=\"http:\/\/www.w3.org\/2000\/svg\" aria-hidden=\"true\" focusable=\"false\"><path d=\"M19,5H5c-1.1,0-2,.9-2,2v10c0,1.1.9,2,2,2h14c1.1,0,2-.9,2-2V7c0-1.1-.9-2-2-2zm.5,12c0,.3-.2.5-.5.5H5c-.3,0-.5-.2-.5-.5V9.8l7.5,5.6,7.5-5.6V17zm0-9.1L12,13.6,4.5,7.9V7c0-.3.2-.5.5-.5h14c.3,0,.5.2.5.5v.9z\"><\/path><\/svg><span class=\"wp-block-social-link-label screen-reader-text\">Mail<\/span><\/a><\/li><\/ul>\n","protected":false},"excerpt":{"rendered":"<p>Wizualne opowie\u015bci o architekturze &#8211; zobacz i poczuj przestrze\u0144. \u0141\u0105cz\u0119 sztuk\u0119 wizualizacji, do\u015bwiadczenie projektowe i my\u015blenie architektoniczne, by pokaza\u0107 ide\u0119 inwestycji. Tworz\u0119 sp\u00f3jny wizerunek i atrakcyjn\u0105 narracj\u0119 projektow\u0105 ju\u017c na etapie koncepcji &#8211; a\u017c po realizacj\u0119. Wspieram biura projektowe, deweloper\u00f3w i marki, kt\u00f3re szukaj\u0105 czego\u015b wi\u0119cej ni\u017c realistycznego obrazka \u2013 chc\u0105 stworzy\u0107 atrakcyjn\u0105 wizj\u0119 inwestycji, [&hellip;]<\/p>\n","protected":false},"author":1,"featured_media":0,"parent":0,"menu_order":0,"comment_status":"closed","ping_status":"closed","template":"","meta":{"footnotes":""},"class_list":["post-146","page","type-page","status-publish","hentry"],"_links":{"self":[{"href":"https:\/\/awapracownia.pl\/index.php?rest_route=\/wp\/v2\/pages\/146","targetHints":{"allow":["GET"]}}],"collection":[{"href":"https:\/\/awapracownia.pl\/index.php?rest_route=\/wp\/v2\/pages"}],"about":[{"href":"https:\/\/awapracownia.pl\/index.php?rest_route=\/wp\/v2\/types\/page"}],"author":[{"embeddable":true,"href":"https:\/\/awapracownia.pl\/index.php?rest_route=\/wp\/v2\/users\/1"}],"replies":[{"embeddable":true,"href":"https:\/\/awapracownia.pl\/index.php?rest_route=%2Fwp%2Fv2%2Fcomments&post=146"}],"version-history":[{"count":49,"href":"https:\/\/awapracownia.pl\/index.php?rest_route=\/wp\/v2\/pages\/146\/revisions"}],"predecessor-version":[{"id":340,"href":"https:\/\/awapracownia.pl\/index.php?rest_route=\/wp\/v2\/pages\/146\/revisions\/340"}],"wp:attachment":[{"href":"https:\/\/awapracownia.pl\/index.php?rest_route=%2Fwp%2Fv2%2Fmedia&parent=146"}],"curies":[{"name":"wp","href":"https:\/\/api.w.org\/{rel}","templated":true}]}}